ctors of 8/24 + 2/(k/(-226))?
2, 19
Suppose -i = 5*a + 885, 5*a + 900 = 8*i - 6*i. Let b = a - -306. What are the prime factors of b?
2
Suppose 14*h + 873 = 966 + 2525. What are the prime factors of h?
11, 17
Suppose 0 = 128*z - 117*z + 44. What are the prime factors of (1/z)/((-22)/43032)?
3, 163
Let y = -189 - -258. Let b = y - -47. List the prime factors of b.
2, 29
Suppose 4*f - 1135 = 4*t - 203, -3*f - 5*t = -739. Let y = -172 + f. List the prime factors of y.
2, 3, 11
Let g be (-23 + -1117)*22/(-8). Suppose -3 = 4*t - 35. Suppose -g = -t*p - 7*p. List the prime factors of p.
11, 19
Suppose 2*f - 9674 = 5*m, -m = 3*f + m - 14549. What are the prime factors of f?
37, 131
Let c(y) = -721*y - 1031. What are the prime factors of c(-6)?
5, 659
Let z be 18/(-60)*5*1*-4. Let k(l) = -2*l**2 + 27*l - 3. List the prime factors of k(z).
3, 29
What are the prime factors of (-7195820)/(-420) - (-4 + -164*3/(-126))?
3, 5711
Let r(g) = 9*g - 14. Let n = -14 - -17. Suppose -n + 37 = 2*u. List the prime factors of r(u).
139
Let n(i) = 2*i**3 + 20*i**2 - 9*i + 8. Let c(a) = 6*a**2 - 3*a + 2. Let o(w) = 10*c(w) - 3*n(w). Let z = 4 + -6. What are the prime factors of o(z)?
2, 5
Let a = 75 + -65. Let x be (4/a)/(12/120). Suppose -2*l + 3*r + 258 + 30 = 0, -2*r = -x*l + 584. What are the prime factors of l?
3, 7
Let f(x) be the first derivative of 111/2*x**2 + 23 - 6*x. What are the prime factors of f(2)?
2, 3
Let n be ((-72)/(-4) - 8)*4/10. Suppose 4*x + t = 648, -7*x - 5*t = -n*x - 469. Suppose -276 = -3*o + 2*v, -3*o - 5*v + x = -134. List the prime factors of o.
2, 47
Suppose 18 = -3*i, 120*m - 115*m - 94500 = 5*i. List the prime factors of m.
2, 3, 47, 67
Let h be (-21)/6 + 15/(-10). Let l be 3 - 2/h - 3/(-5). Suppose 0 = -0*m - 4*m + 3*t + 444, 0 = t + l. List the prime factors of m.
2, 3
Suppose -82*x + 77*x - 5227 = -2*f, 3*x = -3. List the prime factors of f.
7, 373
Suppose 4*u + 13*f - 137784 = 9*f, -4*u + 8*f + 137880 = 0. List the prime factors of u.
2, 7, 23, 107
Let n = -145 - -148. Suppose -n*i + s = -3984, 5*i = 3*s - s + 6640. List the prime factors of i.
2, 83
Suppose -58*w = -18*w - 402037 - 389523. List the prime factors of w.
7, 11, 257
Suppose 258 = -13*r - 54. Suppose 0*f = 4*f - 104. Let o = r + f. List the prime factors of o.
2
Let r(b) = 25*b**3 + 10*b**2 - 3*b - 196. List the prime factors of r(11).
2, 2141
Let p be (4 - 133/(-3))*12/2. Suppose 4*l - 4*c = -c + 1124, p = l - 3*c. Let x = l - 162. What are the prime factors of x?
2, 29
Let p = -70 - -74. Suppose -20*f + 19*f + p = 0. Suppose 5*n - 284 = -f*v + n, 12 = -4*n. What are the prime factors of v?
2, 37
Suppose 5*x + 5*n - 1076 = 6694, 3*n = -2*x + 3110. Let y = x + -752. What are the prime factors of y?
2, 5
Suppose 9*c - 9487 - 335537 = 0. List the prime factors of c.
2, 599
Let g be ((-36)/15)/((-102)/20 - -5). Suppose 21*z - g = 15*z. List the prime factors of (-163)/(-5) - -6 - z/(-10).
3, 13
Suppose -106 + 109 = n. Suppose 3*l + n*z - 3256 = -937, -5*l = -z - 3859. What are the prime factors of l?
2, 193
List the prime factors of (-132256)/6*(-14 - (-550)/44).
2, 4133
Let i(b) = 5*b - 9. Suppose 3*n - 4*x - 211 = 0, -143 = -2*n + 7*x - 2*x. Suppose f + c = -3*f + n, -3*c + 9 = f. List the prime factors of i(f).
3
Let l be 26/6 - 2/6 - -43. Suppose -6*z + 3*t = -2*z - 184, z - t - l = 0. List the prime factors of z.
43
Let q(z) = 20*z**2 - 78*z + 87. List the prime factors of q(24).
3, 5, 11, 59
Suppose 0 = 19*f - 1087139 + 115498. What are the prime factors of f?
11, 4649
Let x be (-10)/15*-3 + -142. Let k = x - -65. List the prime factors of k/(-30)*196/5.
2, 7
Let k = 62 - 66. Let z(j) = 2*j + 11. Let a be z(k). Suppose 0 = -a*h + 5*h - i - 146, 0 = 4*h + 3*i - 272. What are the prime factors of h?
71
Let y(z) = 1632*z - 4118. List the prime factors of y(12).
2, 11, 19, 37
Suppose 3*a = 27 + 48. Let v = a - 3. List the prime factors of (v/(-4))/(7/(-84)).
2, 3, 11
Suppose 0 = 522*t - 510*t - 262116. What are the prime factors of t?
3, 809
Suppose -4*n - 93378 + 32080 = -h, 2*h - 3*n = 122566. List the prime factors of h.
2, 30637
Let g(t) = 26*t**3 - 299*t**2 + 2*t - 33. What are the prime factors of g(15)?
2, 3, 853
Let q(k) = -47 + 3*k + 3*k + 31. What are the prime factors of q(13)?
2, 31
Let s be (5*-1)/(3 + -4). Suppose 13 + 2 = s*k, 2*c - k - 417 = 0. What are the prime factors of c?
2, 3, 5, 7
Suppose -k = 4*v - 15595, 2*k - 2*v - 36073 + 4913 = 0. List the prime factors of k.
15583
Let x(q) = q**3 + 56*q**2 - 157*q - 68. List the prime factors of x(-57).
2, 11
Let t(c) = c**3 - 12*c**2 + 28*c - 9. Let q be t(9). Suppose q = -n + 2*h - 5*h + 315, 5*h - 5 = 0. List the prime factors of n.
2, 3, 13
Let q be -626*3/2*9/(-27). Let y = q + -209. What are the prime factors of y?
2, 13
What are the prime factors of ((-1)/8)/((-213)/13858632)?
3, 2711
Let w = -77 - -82. Suppose w*o + z - 13 = 0, -5 = -3*o + z - 3*z. Suppose 4*l - 792 + 25 = -o*c, 4*c = 20. What are the prime factors of l?
2, 47
Suppose -3*b + 40495 = -2*i, 20 = -21*i + 26*i. What are the prime factors of b?
23, 587
Let b = -256 - -264. Suppose -y + b*y = 735. List the prime factors of y.
3, 5, 7
Let j be 1/2*(108/(-9) - 26). List the prime factors of ((-12)/(-18)*j)/(4/(-252)).
2, 3, 7, 19
Suppose -312*o + 596*o + 917554 = 306*o. What are the prime factors of o?
179, 233
Let o(h) = h**2 + 2*h - 2. Let a = 41 + -36. Suppose a*f - 47 = -17. List the prime factors of o(f).
2, 23
Let m = -10378 + 23214. List the prime factors of m.
2, 3209
Let a = 7498 + 5332. What are the prime factors of a?
2, 5, 1283
Suppose -w + 2840 + 7290 = 0. What are the prime factors of (w/20)/(-2*4/(-16))?
1013
Suppose -3*u + 12*u = -29*u. Suppose u = -75*n + 88*n - 6422. What are the prime factors of n?
2, 13, 19
Suppose 19*z - 14*z - 25 = 0. Let y(a) = -4*a + 14. Let k be y(z). List the prime factors of 68/(-20) - k/15 - -51.
2, 3
Let x = -6061 - -6972. What are the prime factors of x?
911
Let m = -461 + 34. Let f = 67 - m. List the prime factors of f.
2, 13, 19
Let b(g) = -2*g**2 + 16*g - 64. Let a be b(7). List the prime factors of ((-328)/(-12))/(a/(-45) + -1).
2, 3, 41
Suppose -2*h + j + 4*j + 11 = 0, -3*h + 5*j + 14 = 0. List the prime factors of 11547/54 - 1*h/(-18).
2, 107
Let p be -1 - -1 - (-1207 + -6). What are the prime factors of p + (24/(-42))/(4/(-28))?
1217
Let w(r) = 58*r - 34. Let i(s) = -s**3 + 27*s**2 - 25*s - 23. Let t be i(26). List the prime factors of w(t).
2, 5, 7
Let v be (2*-2)/((-3)/144). List the prime factors of ((-1842)/24)/((-12)/v).
2, 307
Let i be 11*66 - (-16 + 19). Let k = -491 + i. List the prime factors of k.
2, 29
Suppose -5*l + 115106 = 357*b - 360*b, l - 4*b - 23045 = 0. List the prime factors of l.
23017
Suppose 0 = v + q - 37552, 13*v - 16*v + 112660 = -q. List the prime factors of v.
17, 47
Let b = 81 - 63. Let j = b - 15. Suppose 5*f - 2*t = 514 - 97, -5*f + 413 = -j*t. List the prime factors of f.
5, 17
Let z be (6 - (3 + 0)) + 2. Suppose 0 = -u + z*x + 388, -2*u - 2*u = -x - 1590. List the prime factors of u.
2, 199
Let v(r) = 423*r - 2640. List the prime factors of v(23).
3, 17, 139
What are the prime factors of 1/2 + -31 + 29 - (-32950)/4?
2, 29, 71
Let d be 260*((-66)/12 - -5). Let w = -100 - -357. Let p = d + w. List the prime factors of p.
127
Let a(n) be the second derivative of 133*n**3/6 + 65*n**2/2 - 26*n. What are the prime factors of a(4)?
3, 199
Suppose 0 = 7*g + 7*g. List the prime factors of (g - 1)*20/5 + 371.
367
Let o be 3 + -5 - (0 - 5). Suppose -3 = 3*k + o. What are the prime factors of (-242)/11*3/k?
3, 11
Suppose 16 = 2*p + 4*l, l - 2*l = 2*p - 10. Suppose 75 = p*d + 3. List the prime factors of (-123)/2*3*(-12)/d.
3, 41
Let v(h) = -41*h - 13. Let c = -287 - -284. List the prime factors of v(c).
2, 5, 11
Suppose 5*m = 5*t + 11010, 6627 = t - 4*t - 4*m. Let q = t - -3293. What are the prime factors of q?
2, 17
Let a(i) = 13*i**2 + i + 26. Let h(l) = 6*l**2 + 13. Let o(s) = -4*a(s) + 7*h(s). Let x(y) be the first derivative of o(y). What are the prime factors of x(-2)?
2, 3
Suppose -4*p - 4*w - 32 = 0, -w + 49 = -3*p + 37. List the prime factors of 1*p - 30383/(-23).
2, 7, 47
Let m = -2 + -142. Let p = 799 + m. List the prime factors of p.
5, 131
Suppose -30